ds digit of 540 + (b/3 - 56/21)?
5
Let g be (-20 + -307)/((-6)/14). Let l = -103 + g. What is the tens digit of l?
6
Let c(s) = 0 + 0 + 1 + 10 - s**3 - 21*s**2 + 33*s. What is the units digit of c(-23)?
0
Let r(a) = -2*a**3 + 51*a**2 - 26*a - 25. Let t = 307 - 284. What is the hundreds digit of r(t)?
0
Let i = 2404 + -1878. What is the hundreds digit of i?
5
Let a = 61 - 78. Let t be 34/a - (-2)/(1/(-1)). What is the units digit of (-4)/5*(-10)/t - -231?
9
What is the units digit of 2 + 5482 - (-531)/(-59)?
5
Let g(t) = 18 - 16 + 0*t - 2*t**2 + 5*t - t**2. Let y(b) = -3*b**2 + 5*b + 1. Let z(d) = 2*g(d) - 3*y(d). What is the units digit of z(-4)?
9
Suppose -410868 - 344598 = -46*b + 1210896. What is the tens digit of b?
4
Suppose -232*n + 933 = -231*n. What is the units digit of n?
3
Let s(o) = o**2 - 5*o + 6. Let r be s(3). Suppose -4*g + 3766 - 1058 = r. What is the hundreds digit of g?
6
Let b(q) = q**3 + 18*q**2 - 119*q - 57. Let i be b(-23). Suppose -34*u + i*u = 825. What is the tens digit of u?
2
What is the tens digit of (5295/30 - -1) + (0 - 2/(-4))?
7
Let p(o) = o + 20. Let u be p(-18). Let a be u*-4*(-6)/16. Suppose 0 = 3*y - y - 4*w - 154, -a*w = -3*y + 240. What is the units digit of y?
3
Suppose 0 = -140*g + 142*g - r - 44211, -2*g = -2*r - 44214. What is the hundreds digit of g?
1
Let k be (0 + (-4)/6)/((-12)/2376). Suppose 6*j - 36 = 9*j. Let d = k + j. What is the tens digit of d?
2
Let k = 8116 + 4270. What is the units digit of k?
6
Let l = 9961 - 7074. Suppose 0 = 4*h + 5*v - l, 0 = -h + 6*h + 3*v - 3625. What is the hundreds digit of h?
7
Let o be 203*40 + (-2 - 2). Suppose -4052 - o = -36*c. What is the tens digit of c?
3
Let d(o) = 5*o**2 - o - 18. Let q be d(8). Let p = q - 129. What is the hundreds digit of p?
1
Let g(b) = -298*b**3 + b**2 + 62*b + 345. What is the thousands digit of g(-5)?
7
Let x = 13839 - 6031. What is the tens digit of x?
0
Let j(c) = -c - 3. Let i be j(5). Let w be (-154*1/1)/(i/12). Suppose -3*d + 231 + w = 0. What is the units digit of d?
4
Suppose -3*s = -u + 107, -4*u = -7*u + 6. Let c = s - -413. What is the units digit of c?
8
Let q(k) be the second derivative of 31*k**3/6 - 2*k**2 + 5*k. Let z be q(-2). Let s = z - -92. What is the units digit of s?
6
What is the tens digit of (-1005)/75 + 13 + -2 + 87224/10?
2
Let v(m) be the first derivative of -m**3 + 7*m**2/2 + 7*m + 29. Let w be v(-1). What is the units digit of ((-334)/(-6) - -1)/((-1)/w)?
0
Let d(q) = 2*q**3 + q**2 - q - 2. Let s(y) = -5*y**3 + 4*y**2 - 3*y - 9. Let u(f) = -3*d(f) - s(f). What is the tens digit of u(-8)?
3
What is the tens digit of (11384/6)/(4/(-12) - (-105)/135)?
6
Let j(w) = -2066*w - 1543. What is the tens digit of j(-10)?
1
Let n(q) = 15*q + 1606. What is the units digit of n(10)?
6
Let b(y) = 15*y**2 + 40*y - 524. What is the units digit of b(16)?
6
Suppose 4*u = -3*s + 227, -3*u + 241 = -3*s + 97. Suppose 8424 = -u*g + 62*g. What is the units digit of g?
6
What is the hundreds digit of 13704/(-16)*((-3936)/(-9))/(-16)?
4
Let j(s) = 5*s + 101. Let a(k) = -2*k - 36. Let u be a(-26). What is the tens digit of j(u)?
8
What is the hundreds digit of 19921 - -18 - -10 - -8?
9
Suppose -4*m + 28 = m + 2*h, -5*m - h = -24. Let y be (28 - -2)/(-6) + m/(-2). What is the units digit of -1 - (-3 - y - 70)?
5
Suppose -15*h + 155479 = -266111. What is the ten thousands digit of h?
2
Let v(n) = 6*n**2 - 80*n + 80. What is the hundreds digit of v(-29)?
4
Suppose -10*r + 70 = -5*r. Let a(z) = -z**3 + 14*z**2 + 3*z - 2. Let v be a(r). Let k = 31 + v. What is the units digit of k?
1
What is the hundreds digit of (-16 + (-500)/(-30))*279*2?
3
Let r(a) = -a**3 - 9*a**2 + 11*a - 9. Let i be r(-6). Let f = i + 299. What is the hundreds digit of f?
1
Suppose -4*d + 3*o = -6*d - 9, 2*o - 5 = -5*d. Suppose 4*k + 239 = -r, 4*r + 242 = d*r - 3*k. Let y = -157 - r. What is the tens digit of y?
9
Suppose -5*b + 128486 + 35256 = 4*c, 204616 = 5*c - 4*b. What is the thousands digit of c?
0
Let r = -7128 - -12737. What is the tens digit of r?
0
Suppose -9*m - 10 - 26 = 0. Let o(l) = -7*l**3 - 3*l**2 - 11*l - 4. What is the tens digit of o(m)?
4
Let j(p) = 3*p**3 - 4*p**2 + 14*p - 1. Let g be (6 - (-378)/(-49))/((-4)/14). What is the units digit of j(g)?
7
Let i(w) be the third derivative of 0 + 0*w**4 - 1/120*w**6 - 1/10*w**5 + 0*w + 5/6*w**3 - 12*w**2. What is the units digit of i(-6)?
5
Suppose 14*s - 4963 = 2793. Let y = 1549 - s. What is the tens digit of y?
9
Let i(c) be the second derivative of c**5/5 + c**4/4 - c**2/2 - 38*c. What is the units digit of i(4)?
3
Let t be ((-20)/(-30))/((-4)/24). Let j(s) = 36*s**2 + 4*s + 30. What is the tens digit of j(t)?
9
Suppose 4*w - 28 = -3*u, 5*u - 2*w - 7 = 5. Suppose -5*r - 2*q - q = -3220, 0 = -u*r - 5*q + 2563. What is the hundreds digit of r?
6
Let v = -107453 + 150743. What is the units digit of v?
0
Let k be (-3 + 1365/(-2))*22/(-33)*4. Let y be 2/(1*-2)*-722. Suppose y = -7*z + k. What is the tens digit of z?
5
What is the thousands digit of (-12)/14 + 115516893/2877?
0
What is the tens digit of (-79 - -146) + (-21)/3?
6
Let h(w) = -1428*w**3 + w**2 + 6*w + 6. Suppose 5*y = -4*q + 1, 12*y - 4 = 5*q + 13*y. What is the thousands digit of h(q)?
1
Suppose -9*h - 153 + 315 = 0. Suppose 5414 = h*r - 12154. What is the hundreds digit of r?
9
Suppose 0 = -3*v + 13 + 281. Let u be v*(-4 + 3 + 0). Let j = -68 - u. What is the units digit of j?
0
Suppose 6 = -4*k + 26. Suppose y - 3*q - 15 = -4*y, k*q = 2*y - 25. Suppose y = 8*h - 23*h + 1260. What is the tens digit of h?
8
Let x = -278 + 280. Suppose -5*c = 2*w - 4*w + 18, -2*w - x*c + 18 = 0. What is the units digit of w?
9
Let i be -4*(-25)/(-20) - 940. Let f = 24 - 14. What is the tens digit of ((-6)/9)/(f/i)?
6
Let x(r) = -841*r + 2166. What is the thousands digit of x(-30)?
7
Suppose -3*k - 116 = 2*t - 5*k, 5*t - 3*k = -282. What is the units digit of (-5094)/15*90/t?
6
Let r = 40 - 34. Suppose -4*a + r = -6*a. Let h = 8 + a. What is the units digit of h?
5
Suppose 29*b + 662 = 30*b. Suppose 237*f - 236*f = b. What is the units digit of f?
2
Let l(k) = -k**3 + 50*k**2 - 20*k - 166. What is the thousands digit of l(49)?
1
Let o(a) = 61*a**3 - a**2 + 2*a. Let g be ((-37)/4)/((-3)/12). Let l = 38 - g. What is the units digit of o(l)?
2
Let g(h) = 18*h - 113. Let l(a) = -69*a + 451. Let v(r) = 9*g(r) + 2*l(r). What is the tens digit of v(9)?
0
Suppose 97960 = 4*w - 5*b, -w = 2*b - 6*b - 24501. What is the tens digit of (-2)/8 - (w/(-20) + 0)?
2
Let x = 51458 - 16794. What is the thousands digit of x?
4
Let m(l) = 5*l - 120. Let k be m(24). Suppose -5*w + 24 = -2*w. Suppose k = -w*a + 14*a - 264. What is the tens digit of a?
4
Suppose -l + 65980 = 3*s, -26*l + 2*s = -27*l + 65983. What is the ten thousands digit of l?
6
Let t(c) = -c**3 + c**2 - 4*c + 5. Let w be t(2). What is the hundreds digit of (w - 27/(-4)) + (-10234)/(-8)?
2
Let g(p) = -3*p + 61. Let t be g(16). What is the units digit of (t + -48)/(-1 - 8/(-9))?
5
Let z(o) = -215*o + 15. Let f be z(-9). Suppose -7*p = -f + 18. What is the units digit of p?
6
Let y = -6483 - -13361. What is the tens digit of y?
7
Suppose 0 = -5*d - 5*y + 229440, 27529 = 3*d - 3*y - 110171. What is the thousands digit of d?
5
Suppose 19*s - s - 2826 = 0. Suppose -3*n + 312 = l, -3*l + 3*n = -s - 767. What is the units digit of l?
9
Suppose 2*w + 53 = -2*n - 3*n, -2*w = 8. Let u = -8 - n. What is the units digit of 65 - u*(-3 + 0)?
8
Suppose -103*z = -5*j - 98*z - 1085, -2*z - 661 = 3*j. Suppose -2*l = -5*p - 614, 4*p + 1244 = 4*l + 2*p. Let h = l + j. What is the tens digit of h?
9
Let x = 87 - -228. What is the hundreds digit of x?
3
Let q = -1327 + 1997. Suppose -8*n = q - 5622. What is the units digit of n?
9
Suppose 7*s - 6 + 34 = 0. Let a(f) = -4*f**3 - 3*f**2 - 9*f - 10. What is the hundreds digit of a(s)?
2
Let l be (-7)/((-42)/(-8))*-33. Let w(j) = -11 - 6*j + j**2 - 18*j + l. What is the units digit of w(24)?
3
What is the units digit of (-296)/518 + 228198/21?
6
Suppose 5*n - 7*n + 18 = 0. Let t be (-3635)/(-45) - ((-2)/n)/1. Suppose 0 = w + w + r - 162, 5*r - t = -w. What is the units digit of w?
1
What is the units digit of 5/(40/56) - (-2 + -12392)?
1
Let x be 24*(11 - 2/(-2)). Let l = 162 - x